
Suppose 0 = r - 6*l + 2*l - 3, 2*l + 24 = -4*r. Let f = r - -26. Suppose -14 = -4*y + i + f, 2*y + i = 25. What are the prime factors of y?
2, 5
Let l(h) = h**2 + 4*h + 3. List the prime factors of l(-5).
2
Let g = 182 + 51. List the prime factors of g.
233
Suppose -405 = -3*i - 2*f - f, 4*f = 8. List the prime factors of i.
7, 19
Suppose -5*n + 14 = -281. What are the prime factors of n?
59
Let v be 8*(-3)/(-6) + -1. Suppose 9 = v*s + 3*t, -3*s + 3 = -2*s - 2*t. Suppose 0 = -2*h - s*h + 50. List the prime factors of h.
2, 5
Let i be (-9 + 1)/(12/(-66)). Suppose 5*q = i + 1. What are the prime factors of q?
3
Suppose -3 = -2*x - 7. Let n be 4*(5/x - -1). What are the prime factors of (-4)/n - 50/(-15)?
2
Let y(w) = -w**3 - 4*w**2 - 8*w - 13. List the prime factors of y(-4).
19
Let r = -15 - -8. Let g(u) = -3*u**2 + 3*u**2 + 0*u**2 - u**2 - 7*u + 9. What are the prime factors of g(r)?
3
Suppose z + 241 = 3*h + 3*z, 5*z - 312 = -4*h. Suppose 3*g - h = 1. List the prime factors of g.
2, 7
Suppose 4*q + 27 = -5*h - 0*q, q + 33 = -5*h. Let u = h + 17. List the prime factors of u.
2, 5
Suppose k + 4*b + 166 = 2*k, 3*k + 2*b = 568. List the prime factors of k.
2, 3, 31
Suppose 0 = -5*h + 10 - 0. Suppose h*a + 2*n = -3*a, -5*n = -a. What are the prime factors of (-8)/6*(-6 + a)?
2
Let t be (6 + -10)*7/4. Let a = 11 - 7. List the prime factors of (-44)/t + a/(-14).
2, 3
Let y = -24 + 63. List the prime factors of y.
3, 13
Suppose 0 = -2*t + 591 - 3. What are the prime factors of t?
2, 3, 7
Let d(r) = r**3 + r**2 - 2. List the prime factors of d(3).
2, 17
Suppose 0 = -3*c - 3*y + 15, 0 = -4*c + 5*y + 7 - 32. Suppose c*x - 3*x = -27. What are the prime factors of x?
3
Let q be (-11)/(-3) + 6/(-9). Suppose -19 = -a - q. What are the prime factors of a?
2
List the prime factors of -2*4/(-8) + 131.
2, 3, 11
Let i(o) = -o**3 + 6*o**2 - 2*o - 1. Let t be i(3). Suppose u = -q + 19, -2*q + 5*u + t = u. List the prime factors of q.
2
Let q be (3/6)/((-2)/(-16)). Suppose q*a = -a + 30. List the prime factors of (a/9)/(4/78).
13
Suppose 4*q = -5*z + 35, -3*q + 0*q = 15. What are the prime factors of 4/(-22) - (-222)/z?
2, 5
Suppose -2*k - 3*v = -5, -3 = -k + 2*v + 3. Suppose -4*i + k*c + 208 = i, 2*i - 94 = -2*c. List the prime factors of i.
2, 11
Let l(k) be the second derivative of -k**5/20 - k**4/12 - 11*k**2/2 - k. Let q be l(0). Let x = -1 - q. What are the prime factors of x?
2, 5
List the prime factors of (-4)/(-10) - (-363)/5.
73
What are the prime factors of (4 - -213) + 1/(-3)*-3?
2, 109
Let d be (-1)/(2/(-6)) - -1. Suppose -5*a = 3*i - 102, -d*i - 3*a + 136 = -0*i. What are the prime factors of i?
2, 17
Let p(c) = -c + 2. Let t be p(-7). Suppose -o + t = 4*i - 0*o, -i = -o + 4. List the prime factors of ((-6)/10)/(i/(-15)).
3
Let g(j) = j**3 - 6*j**2 - 5*j - 5. Let d be g(-4). List the prime factors of (-2)/3 + d/(-15).
3
Let o(i) = -i - 7. Let q be o(-7). Suppose 6*l - l - 15 = q. List the prime factors of l.
3
Let q = 11 - 8. Suppose -q*x + 55 = 10. List the prime factors of x.
3, 5
Let u(o) = o**3 - 4*o**2 - 11*o + 5. Let f be u(5). Let m = 35 + f. What are the prime factors of m?
2, 5
Let i(g) = -31*g**3 + g**2 - 2*g - 3. What are the prime factors of i(-1)?
31
Let i(x) = -85*x**3 + x**2 - 1. List the prime factors of i(-1).
5, 17
Suppose 3*q - 6*q + 144 = 0. List the prime factors of q.
2, 3
Let g(y) = -1 - 2 + 1 + y. What are the prime factors of g(6)?
2
Let k(c) = c + 8. Let r be k(-6). Suppose 4*b = -2*x - 2*x - 24, -b + x + r = 0. What are the prime factors of (-2)/(b/11 - 0)?
11
Let a(c) = 5*c. Let d be a(1). Let g(r) = -r + 5. Let b(f) = f - 6. Let n(l) = -5*b(l) - 4*g(l). List the prime factors of n(d).
5
Suppose -2*v = -4*k + 2*k - 10, -3*k = 3*v + 3. List the prime factors of v.
2
Let q(d) = -10*d + 89. List the prime factors of q(-12).
11, 19
Let j = -25 - -32. What are the prime factors of j?
7
Suppose -320 = -4*n + 216. List the prime factors of n.
2, 67
Let s(y) = y + 40. List the prime factors of s(0).
2, 5
Let r be ((-10)/(-25))/(2/20). Suppose -r*i = -i + 3, -2*g - 2*i = -2. What are the prime factors of g?
2
Suppose 0 = 2*h - 0*h + 6. Let k = h - -16. What are the prime factors of k?
13
Let r(n) be the first derivative of -n**3/3 + 6*n**2 + 10*n - 3. What are the prime factors of r(12)?
2, 5
Let t = 8 + -9. Let x = 4 + t. List the prime factors of x.
3
Suppose 15*u = 11*u + 292. List the prime factors of u.
73
Let k(t) = 3*t**2 + 3*t. Let d(f) = -16*f**2 - 16*f - 1. Let j(x) = -2*d(x) - 11*k(x). Suppose v = 3*c, 4*v = 3*c - 6*c. What are the prime factors of j(c)?
2
Let p = -84 - -133. Let c = -18 + p. What are the prime factors of c?
31
Let z = 423 + -202. What are the prime factors of z?
13, 17
Let o = 11 - 11. Suppose -3*r + o*r + 12 = 0. List the prime factors of r.
2
Let u(q) = -q**2 - 2*q - 2. Let z be u(-4). What are the prime factors of ((-22)/z)/((-2)/(-10))?
11
Let f(k) = 3*k - 11. Let j be f(9). Let b = j + -2. List the prime factors of b.
2, 7
Let q = 17 - 12. List the prime factors of q.
5
Let c(q) = -q + 6. Let f be c(3). Let l be (-1)/(39/21 - 2). Let i = f + l. List the prime factors of i.
2, 5
Suppose -8*t = -3*t - 235. List the prime factors of t.
47
Let f(s) = -4*s + 1. Let i be f(-1). Suppose 0 = 3*g - i*b - 74, -3*g = -5*g - 4*b + 42. List the prime factors of g.
23
Let j(g) be the second derivative of -g**4/12 + g**3/2 + g**2 + 3*g. Let v be j(3). Suppose -4*s + 16 = -v*s. List the prime factors of s.
2
Let j(d) = d**3 + 6*d**2 - 2*d - 6. List the prime factors of j(4).
2, 73
Suppose -3*f = 3 - 15. Suppose 0 = -2*s - 5*t + 30, 3*t = f*s - 2*s - 14. List the prime factors of s.
2, 5
Suppose -37 = -3*g + 92. What are the prime factors of g?
43
Let o(v) = 8*v**2 + v + 2. What are the prime factors of o(2)?
2, 3
What are the prime factors of 18/(2 - -4) - 210/(-2)?
2, 3
Suppose 6 = m + 3*i - 6, 2*i - 4 = 0. Let v(u) = u**3 - 4*u**2 + 4*u. Let x be v(3). Suppose -x*j + j = -m. What are the prime factors of j?
3
Let t(j) = -2 + 1 - j - 1. List the prime factors of t(-12).
2, 5
Suppose 47 = 4*a - v, -4*a + 3*a = -5*v + 12. Let z = a + 5. What are the prime factors of z?
2, 3
Let w(g) = g**3 - 12*g**2 - 11*g - 13. What are the prime factors of w(13)?
13
Let g = 191 - 10. What are the prime factors of g?
181
Suppose t - c = 29, 3*t + 3*c + c - 59 = 0. List the prime factors of t.
5
What are the prime factors of (-463)/(-3) - (-2)/9*3?
5, 31
List the prime factors of -5*109/(-5) - (-6)/(-2).
2, 53
Let n = 0 + 2. Suppose -2*j + 12 = 4*c, -c + n*j = -3*c + 6. What are the prime factors of 6/c + 3 + -2?
3
Let w(q) = q - 2. Let m be w(10). Suppose -63 = -5*a - m. Let h = a + -7. List the prime factors of h.
2
Let a be (39/(-15) - -2)*-15. Let p(z) = -z**2 + 10*z + 1. Let c be p(a). What are the prime factors of (c/(-6))/(2/(-6))?
5
Let m = 9 + -5. List the prime factors of (8/(-4))/(m/(-18)).
3
Let z(g) = g**2 - 4*g - 8. Suppose 0 = 4*d - 3*c - 24, 4*d - 5*c - 10 = 14. List the prime factors of z(d).
2
Suppose 4*h + 35 + 185 = 0. Let v = 92 + h. List the prime factors of 2/(-7) - v/(-7).
5
Let u = -2 - -9. Let l = u - -9. What are the prime factors of l?
2
Let g = -43 + 74. What are the prime factors of g?
31
Suppose 0 = -5*a - 19 + 104. Suppose -a = -3*m + 61. What are the prime factors of m?
2, 13
List the prime factors of 3/4 - ((-906)/8 + -4).
2, 59
Let k(r) = r**2 + 6*r + 4. Let v be k(-6). Suppose 0 = -4*j - 3*g + 61, -g + 63 = v*j - 0*g. What are the prime factors of j?
2
Let b be 52/16 - 2/8. Let d be (-4)/((-3)/b - 1). Suppose 0 = -2*y + 8 - d. What are the prime factors of y?
3
Let o be -315 + 4 + (-2 - 0). What are the prime factors of 2/9 + o/(-9)?
5, 7
Suppose 3*r = -2*n - r + 62, -4*r = -4*n + 136. List the prime factors of n.
3, 11
Suppose -351 = -2*z - 7. What are the prime factors of z?
2, 43
Let g(x) = 2*x**3 - 3*x**2 + x. Let n be g(2). Suppose 7 = 3*q + 1. Suppose n*o = q*o + 36. List the prime factors of o.
3
Suppose -v - 1490 = -11*v. List the prime factors of v.
149
Let v(y) = -y**3 - 9*y**2 - 8*y. Let z be v(-8). Let i(g) = -3*g + 0 - 1 + z. What are the prime factors of i(-2)?
5
What are the prime factors of 3 + (16 - 3) + (-2)/(-2)?
17
Let d be ((-42)/49)/((-2)/14). Suppose -d*a + a + 75 = 0.